{"id":4066,"date":"2017-11-02T06:26:33","date_gmt":"2017-11-02T06:26:33","guid":{"rendered":"http:\/\/demo.zozothemes.com\/megafactory\/?page_id=1194"},"modified":"2020-04-28T00:17:09","modified_gmt":"2020-04-28T00:17:09","slug":"blog-2","status":"publish","type":"page","link":"https:\/\/groupe-alpages.com\/wps\/blog-2\/","title":{"rendered":"Contr\u00f4le technique de construction"},"content":{"rendered":"\r\n<p>Selon la NF P 03-100, le contr\u00f4le technique est d\u00e9fini comme \u00e9tant l\u2019examen, \u00e0 la\u00a0 demande et pour le compte du Ma\u00eetre de l&rsquo;Ouvrage, de la conception et de l&rsquo;ex\u00e9cution des ouvrages et \u00e9l\u00e9ments d&rsquo;\u00e9quipement r\u00e9alis\u00e9s dans le cadre d&rsquo;une op\u00e9ration de construction, en vue de contribuer \u00e0 la pr\u00e9vention des al\u00e9as techniques et fourniture des avis correspondants.<\/p>\r\n\r\n\r\n\r\n<p>Son objet est de contribuer \u00e0 la pr\u00e9vention des al\u00e9as techniques susceptibles d&rsquo;\u00eatre rencontr\u00e9s dans la r\u00e9alisation des ouvrages et des \u00e9l\u00e9ments d&rsquo;\u00e9quipement d&rsquo;une op\u00e9ration de construction. Les prestations fournies sont d\u00e9finies au cas par cas dans le contrat de contr\u00f4le technique qui fixe les missions retenues par le Ma\u00eetre de l&rsquo;Ouvrage. Le Contr\u00f4leur Technique donne ses avis au Ma\u00eetre de l&rsquo;Ouvrage dans le cadre de ces missions.<\/p>\r\n\r\n\r\n\r\n<p>Les r\u00e9f\u00e9rentiels utilis\u00e9s sont tr\u00e8s diversifi\u00e9s. Nos ing\u00e9nieurs pratiquent r\u00e9guli\u00e8rement la normalisation fran\u00e7aise (NF), europ\u00e9enne (EN) et anglo-saxonne (ANSI, ASTM, NFPA, BS,\u2026).<\/p>\r\n<p>&nbsp;<\/p>\r\n<p><img loading=\"lazy\" decoding=\"async\" class=\"size-medium wp-image-4226 aligncenter\" src=\"https:\/\/groupe-alpages.com\/wps\/wp-content\/uploads\/2020\/04\/construction-dune-centrale-\u00e9lectrique-de-50mgw-tt-a-la-mine-de-fekola--768x456.jpg\" alt=\"\" width=\"768\" height=\"456\" srcset=\"https:\/\/groupe-alpages.com\/wps\/wp-content\/uploads\/2020\/04\/construction-dune-centrale-\u00e9lectrique-de-50mgw-tt-a-la-mine-de-fekola--768x456.jpg 768w, https:\/\/groupe-alpages.com\/wps\/wp-content\/uploads\/2020\/04\/construction-dune-centrale-\u00e9lectrique-de-50mgw-tt-a-la-mine-de-fekola--1170x694.jpg 1170w, https:\/\/groupe-alpages.com\/wps\/wp-content\/uploads\/2020\/04\/construction-dune-centrale-\u00e9lectrique-de-50mgw-tt-a-la-mine-de-fekola--440x260.jpg 440w, https:\/\/groupe-alpages.com\/wps\/wp-content\/uploads\/2020\/04\/construction-dune-centrale-\u00e9lectrique-de-50mgw-tt-a-la-mine-de-fekola--390x231.jpg 390w, https:\/\/groupe-alpages.com\/wps\/wp-content\/uploads\/2020\/04\/construction-dune-centrale-\u00e9lectrique-de-50mgw-tt-a-la-mine-de-fekola--220x130.jpg 220w\" sizes=\"auto, (max-width: 768px) 100vw, 768px\" \/><br \/><strong>LES MISSIONS DU CONTR\u00d4LE TECHNIQUE<\/strong><br \/><strong>Les missions de base<\/strong><br \/>\u2022 Mission L portant sur la solidit\u00e9 des ouvrages et des \u00e9l\u00e9ments d&rsquo;\u00e9quipement indissociables :<\/p>\r\n\r\n\r\n\r\n<p>Cette mission a pour objet de pr\u00e9venir les al\u00e9as techniques susceptibles de compromettre la solidit\u00e9 des constructions achev\u00e9es ou celle des ouvrages et des \u00e9l\u00e9ments d\u2019\u00e9quipements indissociables qui les constituent, en vue de leur garantie d\u00e9cennale.<\/p>\r\n\r\n\r\n\r\n<p>Elle concerne les ouvrages de gros \u0153uvre et les \u00e9l\u00e9ments d\u2019\u00e9quipements indissociables notamment :<\/p>\r\n\r\n\r\n\r\n<ul class=\"wp-block-list\">\r\n<li>Les ouvrages de r\u00e9seaux divers et de voirie (\u00e0 l&rsquo;exclusion des couches d&rsquo;usure des chauss\u00e9es et des voies pi\u00e9tonni\u00e8res) dont la destination est la desserte privative de la construction ;<\/li>\r\n<li>Les ouvrages de fondation ;<\/li>\r\n<li>Les ouvrages d&rsquo;ossature ;<\/li>\r\n<li>Les ouvrages de clos et de couvert ;<\/li>\r\n<li>Pour les b\u00e2timents, les \u00e9l\u00e9ments d&rsquo;\u00e9quipement indissociablement li\u00e9s aux ouvrages \u00e9num\u00e9r\u00e9s ci-dessus.\u2022<strong> Mission S relative \u00e0 la s\u00e9curit\u00e9 des personnes :<\/strong>Cette mission a pour objet de pr\u00e9venir les al\u00e9as techniques g\u00e9n\u00e9rateurs d&rsquo;accidents corporels, d\u00e9coulant de d\u00e9fauts dans l&rsquo;application des dispositions r\u00e9glementaires relatives \u00e0 la s\u00e9curit\u00e9 des personnes dans les constructions achev\u00e9es.Elle concerne les ouvrages et \u00e9l\u00e9ments d&rsquo;\u00e9quipement vis\u00e9s du point de vue des risques d\u2019incendie et de panique par la r\u00e9glementation technique applicable \u00e0 la construction du fait de leur destination.<br \/>Peuvent ainsi relever de la mission du Contr\u00f4leur Technique :<\/li>\r\n<li>Les dispositions relatives \u00e0 la protection contre les risques d&rsquo;incendie et de panique : comportement au feu des mat\u00e9riaux et \u00e9l\u00e9ments de construction, isolement, desserte, cloisonnement et d\u00e9gagements, moyens de secours, dispositifs d&rsquo;alarme et d&rsquo;alerte, \u00e9quipements de d\u00e9senfumage naturel ;<\/li>\r\n<li>\u00a0Les installations \u00e9lectriques (courants forts) ;<\/li>\r\n<li>\u00a0Les installations de chauffage, ventilation, conditionnement d&rsquo;air, r\u00e9frig\u00e9ration et \u00e9quipements de d\u00e9senfumage m\u00e9canique ;<\/li>\r\n<li>\u00a0Les installations de gaz combustibles et d&rsquo;hydrocarbures liqu\u00e9fi\u00e9s ;<\/li>\r\n<li>\u00a0Les conduits de fum\u00e9e ;<\/li>\r\n<li>\u00a0Les ascenseurs, monte-charges, escaliers m\u00e9caniques, trottoirs roulants ;<\/li>\r\n<li>\u00a0Les nacelles suspendues d&rsquo;entretien de fa\u00e7ades ;<\/li>\r\n<li>\u00a0Les portes automatiques ;<\/li>\r\n<li>\u00a0Les appareils et installations sous pression de vapeur ou de gaz ;<\/li>\r\n<li>\u00a0Les installations de fluides m\u00e9dicaux ;<\/li>\r\n<li>\u00a0Les dispositions de construction concernant la protection contre les rayonnements ionisants ;<\/li>\r\n<li>Les garde-corps et fen\u00eatres basses.<strong>Les missions compl\u00e9mentaires<\/strong>\u2022Mission P1 relative \u00e0 la solidit\u00e9 des \u00e9l\u00e9ments d&rsquo;\u00e9quipement non indissociablement li\u00e9s. Cette mission a pour objet de pr\u00e9venir les al\u00e9as techniques d\u00e9coulant d\u2019un d\u00e9faut de solidit\u00e9 des \u00e9l\u00e9ments d\u2019\u00e9quipement non indissociablement li\u00e9s au gros \u0153uvre.<br \/>Elle concerne les \u00e9l\u00e9ments d\u2019\u00e9quipement non indissociables notamment les menuiseries, les cloisons, les rev\u00eatements int\u00e9rieurs, les garde-corps.\u2022Mission F relative au fonctionnement des installations.<\/li>\r\n<\/ul>\r\n\r\n\r\n\r\n<p>Cette mission a pour objet de pr\u00e9venir les al\u00e9as techniques d\u00e9coulant d\u2019un mauvais fonctionnement des installations. Par mauvais fonctionnement, il faut entendre l\u2019impossibilit\u00e9, pour une installation, \u00e0 la mise en exploitation, d\u2019assurer le service demand\u00e9 dans les conditions de performance impos\u00e9es par les prescriptions techniques contractuelles et quand ils existent par les textes techniques \u00e0 caract\u00e8re normatif.<br \/>\u2022Mission Hand relative \u00e0 l&rsquo;accessibilit\u00e9 des constructions pour les personnes handicap\u00e9es :<br \/>La r\u00e9glementation impose, pour certains types d&rsquo;\u00e9tablissement, l&rsquo;accessibilit\u00e9 aux handicap\u00e9s (logements, \u00e9tablissements recevant du public, \u00e9tablissements recevant des travailleurs). ALPAGES vous recommandera cette mission le cas \u00e9ch\u00e9ant et vous assistera en vue du respect des dispositions r\u00e9glementaires en vigueur.<br \/>\u2022Mission Th relative \u00e0 l&rsquo;isolation thermique et aux \u00e9conomies d&rsquo;\u00e9nergie :<br \/>Par cette mission, vous obtiendrez un meilleur confort technique d&rsquo;\u00e9t\u00e9 et\/ou des \u00e9conomies d&rsquo;\u00e9nergie.<br \/>\u2022Mission Ph relative \u00e0 l&rsquo;isolation et \u00e0 la correction acoustiques :<br \/>Cette mission est indispensable pour les ouvrages \u00e0 haute exigence acoustique (h\u00f4tels, amphith\u00e9\u00e2tres, salles de conf\u00e9rence, halles sportives, etc.).<br \/>\u2022Mission HYS relatives \u00e0 l&rsquo;hygi\u00e8ne et \u00e0 la sant\u00e9 dans les constructions:<br \/>Cette mission a pour objet de donner un avis sur la capacit\u00e9 de l\u2019ouvrage \u00e0 satisfaire, dans les constructions achev\u00e9es, aux prescriptions r\u00e8glementaires relatives \u00e0 l\u2019hygi\u00e8ne et la sant\u00e9 en ce qui concerne l\u2019a\u00e9ration des locaux, la distribution d\u2019eau et l\u2019\u00e9vacuation des eaux us\u00e9es.<\/p>\r\n\r\n\r\n\r\n<p>\u2022Mission HQH relatives \u00e0 l&rsquo;hygi\u00e8ne et la qualit\u00e9 dans les h\u00f4pitaux:<br \/>Cette mission a pour objet la pr\u00e9vention des risques d\u2019infections nosocomiales dans les \u00e9tablissements sanitaires. Elle vise \u00e0 assurer la s\u00e9curit\u00e9 du patient et du personnel et permet le bon fonctionnement permanent de l\u2019\u00e9tablissement.<br \/>Elle concerne les grands secteurs de l\u2019\u00e9tablissement : image, accueil, h\u00e9bergement, services g\u00e9n\u00e9raux, s\u00e9curit\u00e9, soins infirmiers, bloc op\u00e9ratoire et st\u00e9rilisation.<br \/>Les dispositions relevant de cette mission sont celles relatives \u00e0 la construction et l\u2019am\u00e9nagement des locaux, aux \u00e9quipements techniques et aux moyens mat\u00e9riels.<br \/><strong>DIAGNOSTIC TECHNIQUE<\/strong><\/p>\r\n\r\n\r\n\r\n<p>En cas de d\u00e9sordres d\u2019ouvrage ou de travaux de r\u00e9am\u00e9nagement ou de modifications importantes, il est fortement conseill\u00e9 de proc\u00e9der \u00e0 un diagnostic. ALPAGES propose des diagnostics de solidit\u00e9 des ouvrages et de s\u00e9curit\u00e9 des installations et \u00e9quipements:Diagnostic de Solidit\u00e9 des Ouvrages<\/p>\r\n\r\n\r\n\r\n<p>&#8211; Un relev\u00e9 des donn\u00e9es sur site avec r\u00e9alisation de sondages de sol et de sondages destructifs ponctuels sur la structure (semelles, poteaux, poutres, dalle etc.).<\/p>\r\n\r\n\r\n\r\n<p>&#8211; V\u00e9rifications par le calcul ou par les dispositions constructives de la solidit\u00e9 des structures sur la base des donn\u00e9es collect\u00e9es sur site, et \u00e0 partir d\u2019une appr\u00e9ciation r\u00e9aliste des valeurs des r\u00e9sistances intrins\u00e8ques r\u00e9siduelles des mat\u00e9riaux.<\/p>\r\n\r\n\r\n\r\n<p>&#8211; Etablissement d&rsquo;un rapport de diagnostic de solidit\u00e9 des ouvrages. Le rapport comporte la description des ouvrages existants, la m\u00e9thodologie de diagnostic adopt\u00e9e, les moyens de mesures et les moyens informatiques de calcul utilis\u00e9s, les textes de r\u00e9f\u00e9rence, les hypoth\u00e8ses retenues ainsi que leur justification, la r\u00e9capitulation des observations constat\u00e9es sur site, nos recommandations et nos conclusions.<\/p>\r\n\r\n\r\n\r\n<p><strong>Diagnostic de s\u00e9curit\u00e9<\/strong><br \/>Il vise la remise en conformit\u00e9 d&rsquo;un \u00e9tablissement existant vis-\u00e0-vis de la r\u00e9glementation incendie en vigueur<\/p>\r\n","protected":false},"excerpt":{"rendered":"<p>Selon la NF P 03-100, le contr\u00f4le technique est d\u00e9fini comme \u00e9tant l\u2019examen, \u00e0 la\u00a0 demande et pour le compte du Ma\u00eetre de l&rsquo;Ouvrage, de la conception et de l&rsquo;ex\u00e9cution des ouvrages et \u00e9l\u00e9ments d&rsquo;\u00e9quipement r\u00e9alis\u00e9s dans le cadre d&rsquo;une op\u00e9ration de construction, en vue de contribuer \u00e0 la pr\u00e9vention des al\u00e9as techniques et fourniture<\/p>\n","protected":false},"author":2,"featured_media":0,"parent":0,"menu_order":0,"comment_status":"closed","ping_status":"closed","template":"","meta":{"footnotes":""},"class_list":["post-4066","page","type-page","status-publish","hentry"],"_links":{"self":[{"href":"https:\/\/groupe-alpages.com\/wps\/wp-json\/wp\/v2\/pages\/4066","targetHints":{"allow":["GET"]}}],"collection":[{"href":"https:\/\/groupe-alpages.com\/wps\/wp-json\/wp\/v2\/pages"}],"about":[{"href":"https:\/\/groupe-alpages.com\/wps\/wp-json\/wp\/v2\/types\/page"}],"author":[{"embeddable":true,"href":"https:\/\/groupe-alpages.com\/wps\/wp-json\/wp\/v2\/users\/2"}],"replies":[{"embeddable":true,"href":"https:\/\/groupe-alpages.com\/wps\/wp-json\/wp\/v2\/comments?post=4066"}],"version-history":[{"count":7,"href":"https:\/\/groupe-alpages.com\/wps\/wp-json\/wp\/v2\/pages\/4066\/revisions"}],"predecessor-version":[{"id":4235,"href":"https:\/\/groupe-alpages.com\/wps\/wp-json\/wp\/v2\/pages\/4066\/revisions\/4235"}],"wp:attachment":[{"href":"https:\/\/groupe-alpages.com\/wps\/wp-json\/wp\/v2\/media?parent=4066"}],"curies":[{"name":"wp","href":"https:\/\/api.w.org\/{rel}","templated":true}]}}