{"id":486,"date":"2017-10-29T23:00:10","date_gmt":"2017-10-29T23:00:10","guid":{"rendered":"http:\/\/www.alpages.sn\/wp\/?page_id=74"},"modified":"2020-04-28T00:49:37","modified_gmt":"2020-04-28T00:49:37","slug":"filiale-mali","status":"publish","type":"page","link":"https:\/\/groupe-alpages.com\/wps\/filiales\/filiale-mali\/","title":{"rendered":"Alpages Mali"},"content":{"rendered":"<p>[vc_row][vc_column][vc_column_text]<strong><em style=\"color: #ff5733;\">Adresse : Bureau de Contr\u00f4le Technique et R\u00e9glementaire, d&rsquo;Assistance Technique et de Formation Bureau de Contr\u00f4le Technique Agr\u00e9\u00e9 212 Immeuble ABK2 BP : 2468 Hamdallaye<\/em><br \/>\n<em> Directeur : Saliou NDIAYE <\/em><br \/>\n<\/strong>T\u00e9l : (223) 20 29 66 82. \/ Fax : (223) 20 29 41 80 <strong><br \/>\n<\/strong><em>mail : alpages@alpages.sn<\/em><strong><br \/>\n<\/strong><em>www.groupe-alpages.com<\/em>[\/vc_column_text][\/vc_column][\/vc_row][vc_row][vc_column][vc_raw_html]JTVCbGVhZmxldC1tYXAlMjBsYXQlM0QxMi42NDU3MTMlMjBsbmclM0QtOC4wMjkyMzYlMjB6b29tJTNEMTUlNUQlMEElNUJsZWFmbGV0LW1hcmtlciUyMGxhdCUzRDEyLjY0NTcxMyUyMGxuZyUzRC04LjAyOTIzNiU1RCUyMEdyb3VwZS1BbHBhZ2VzJTIwTWFsaSUyMCU1QiUyRmxlYWZsZXQtbWFya2VyJTVEJTBB[\/vc_raw_html][\/vc_column][\/vc_row]<\/p>\n","protected":false},"excerpt":{"rendered":"<p>[vc_row][vc_column][vc_column_text]Adresse : Bureau de Contr\u00f4le Technique et R\u00e9glementaire, d&rsquo;Assistance Technique et de Formation Bureau de Contr\u00f4le Technique Agr\u00e9\u00e9 212 Immeuble ABK2 BP : 2468 Hamdallaye Directeur : Saliou NDIAYE T\u00e9l : (223) 20 29 66 82. \/ Fax : (223) 20 29 41 80 mail : alpages@alpages.sn www.groupe-alpages.com[\/vc_column_text][\/vc_column][\/vc_row][vc_row][vc_column][vc_raw_html]JTVCbGVhZmxldC1tYXAlMjBsYXQlM0QxMi42NDU3MTMlMjBsbmclM0QtOC4wMjkyMzYlMjB6b29tJTNEMTUlNUQlMEElNUJsZWFmbGV0LW1hcmtlciUyMGxhdCUzRDEyLjY0NTcxMyUyMGxuZyUzRC04LjAyOTIzNiU1RCUyMEdyb3VwZS1BbHBhZ2VzJTIwTWFsaSUyMCU1QiUyRmxlYWZsZXQtbWFya2VyJTVEJTBB[\/vc_raw_html][\/vc_column][\/vc_row]<\/p>\n","protected":false},"author":1,"featured_media":0,"parent":478,"menu_order":0,"comment_status":"closed","ping_status":"closed","template":"","meta":{"footnotes":""},"class_list":["post-486","page","type-page","status-publish","hentry"],"_links":{"self":[{"href":"https:\/\/groupe-alpages.com\/wps\/wp-json\/wp\/v2\/pages\/486","targetHints":{"allow":["GET"]}}],"collection":[{"href":"https:\/\/groupe-alpages.com\/wps\/wp-json\/wp\/v2\/pages"}],"about":[{"href":"https:\/\/groupe-alpages.com\/wps\/wp-json\/wp\/v2\/types\/page"}],"author":[{"embeddable":true,"href":"https:\/\/groupe-alpages.com\/wps\/wp-json\/wp\/v2\/users\/1"}],"replies":[{"embeddable":true,"href":"https:\/\/groupe-alpages.com\/wps\/wp-json\/wp\/v2\/comments?post=486"}],"version-history":[{"count":3,"href":"https:\/\/groupe-alpages.com\/wps\/wp-json\/wp\/v2\/pages\/486\/revisions"}],"predecessor-version":[{"id":4252,"href":"https:\/\/groupe-alpages.com\/wps\/wp-json\/wp\/v2\/pages\/486\/revisions\/4252"}],"up":[{"embeddable":true,"href":"https:\/\/groupe-alpages.com\/wps\/wp-json\/wp\/v2\/pages\/478"}],"wp:attachment":[{"href":"https:\/\/groupe-alpages.com\/wps\/wp-json\/wp\/v2\/media?parent=486"}],"curies":[{"name":"wp","href":"https:\/\/api.w.org\/{rel}","templated":true}]}}