{"id":919,"date":"2018-01-15T10:23:29","date_gmt":"2018-01-15T09:23:29","guid":{"rendered":"http:\/\/www.pauvs.org\/wps\/?page_id=919"},"modified":"2020-04-27T23:33:35","modified_gmt":"2020-04-27T23:33:35","slug":"energies-fossiles-et-renouvelables","status":"publish","type":"page","link":"https:\/\/groupe-alpages.com\/wps\/energies-fossiles-et-renouvelables\/","title":{"rendered":"Energies fossiles et renouvelables"},"content":{"rendered":"\n<p>ALPAGES propose une large palette d\u2019assistance \u00e0 la ma\u00eetrise des risques et au contr\u00f4le de la production. Que ce soit pour des objectifs li\u00e9s \u00e0 la s\u00e9curit\u00e9 des sites de production, la s\u00fbret\u00e9 du fonctionnement, la formation continue du personnel ou son habilitation, ou que ce soit pour le contr\u00f4le qualit\u00e9 ou des quantit\u00e9s, ALPAGES dispose de l\u2019exp\u00e9rience et des moyens technologiques pour vous accompagner.<br><br><img loading=\"lazy\" decoding=\"async\" class=\"wp-image-1443  aligncenter\" style=\"width: 567px;\" src=\"https:\/\/groupe-alpages.com\/wps\/wp-content\/uploads\/2017\/11\/power-768x544-1.jpg\" alt=\"\" width=\"768\" height=\"401\"><\/p>\n\n\n\n<p>Les missions m\u00e9trologiques, de contr\u00f4le non destructif et de laboratoires accompagnent les missions courantes de contr\u00f4le dans le cadre des missions relatives aux \u00e9nergies fossiles et renouvelables. ALPAGES effectue lui-m\u00eame ces missions ou en partenariat avec ses filiales. Le groupe dispose d\u2019un laboratoire, CEMIA, pour les essais m\u00e9caniques et analyses chimiques.<\/p>\n","protected":false},"excerpt":{"rendered":"<p>ALPAGES propose une large palette d\u2019assistance \u00e0 la ma\u00eetrise des risques et au contr\u00f4le de la production. Que ce soit pour des objectifs li\u00e9s \u00e0 la s\u00e9curit\u00e9 des sites de production, la s\u00fbret\u00e9 du fonctionnement, la formation continue du personnel ou son habilitation, ou que ce soit pour le contr\u00f4le qualit\u00e9 ou des quantit\u00e9s, ALPAGES<\/p>\n","protected":false},"author":1,"featured_media":0,"parent":0,"menu_order":0,"comment_status":"closed","ping_status":"closed","template":"","meta":{"footnotes":""},"class_list":["post-919","page","type-page","status-publish","hentry"],"_links":{"self":[{"href":"https:\/\/groupe-alpages.com\/wps\/wp-json\/wp\/v2\/pages\/919","targetHints":{"allow":["GET"]}}],"collection":[{"href":"https:\/\/groupe-alpages.com\/wps\/wp-json\/wp\/v2\/pages"}],"about":[{"href":"https:\/\/groupe-alpages.com\/wps\/wp-json\/wp\/v2\/types\/page"}],"author":[{"embeddable":true,"href":"https:\/\/groupe-alpages.com\/wps\/wp-json\/wp\/v2\/users\/1"}],"replies":[{"embeddable":true,"href":"https:\/\/groupe-alpages.com\/wps\/wp-json\/wp\/v2\/comments?post=919"}],"version-history":[{"count":3,"href":"https:\/\/groupe-alpages.com\/wps\/wp-json\/wp\/v2\/pages\/919\/revisions"}],"predecessor-version":[{"id":4203,"href":"https:\/\/groupe-alpages.com\/wps\/wp-json\/wp\/v2\/pages\/919\/revisions\/4203"}],"wp:attachment":[{"href":"https:\/\/groupe-alpages.com\/wps\/wp-json\/wp\/v2\/media?parent=919"}],"curies":[{"name":"wp","href":"https:\/\/api.w.org\/{rel}","templated":true}]}}