{"id":931,"date":"2018-01-15T10:38:57","date_gmt":"2018-01-15T09:38:57","guid":{"rendered":"http:\/\/www.pauvs.org\/wps\/?page_id=931"},"modified":"2020-04-27T23:55:16","modified_gmt":"2020-04-27T23:55:16","slug":"infrastructures-de-jeux-loisirs","status":"publish","type":"page","link":"https:\/\/groupe-alpages.com\/wps\/infrastructures-de-jeux-loisirs\/","title":{"rendered":"Infrastructures de jeux &#038; Loisirs"},"content":{"rendered":"\n<p><p style=\"text-align: justify;\">Le Groupe Alpages vous accompagne dans la r\u00e9alisation d&rsquo;Infrastructures de jeux et loisirs Les infrastructures sont le moteur du d\u00e9veloppement en Afrique comme ailleurs. Le groupe ALPAGES participe \u00e0 l\u2019\u00e9laboration de normes africaines et s\u00e9n\u00e9galaises au sein de groupes de travail internationaux comme l\u2019ARSO ou au sein de comit\u00e9s paritaires.<br><img loading=\"lazy\" decoding=\"async\" class=\"wp-image-4217  aligncenter\" style=\"width: 540px;\" src=\"https:\/\/groupe-alpages.com\/wps\/wp-content\/uploads\/2020\/04\/aire-de-jeux-767x456.jpg\" alt=\"\" width=\"767\" height=\"321\"><\/p><\/p>\n\n\n\n<p><p style=\"text-align: justify;\"><br>Les missions relatives aux infrastructures sont tr\u00e8s vari\u00e9es. Elles peuvent \u00eatre faites selon des normes et r\u00e9f\u00e9rentiels visant des performances ou selon une r\u00e9glementation nationale ou internationale. ALPAGES accompagne le client selon toutes ces \u00e9ventualit\u00e9s avec le professionnalisme qui sied et \u00e0 toutes les phases du projet jusqu\u2019\u00e0 sa r\u00e9alisation compl\u00e8te et sa p\u00e9riode d\u2019exploitation. <br><br>On peut noter les cat\u00e9gories de missions suivantes : assistance technique, contr\u00f4le technique de construction, diagnostic technique, Contr\u00f4le non destructif (CND), analyse de laboratoire.L\u2019activit\u00e9 de tourisme est devenue un enjeu mondial de devises. Il s\u2019agit d\u2019une industrie tr\u00e8s diversifi\u00e9e qui compte une grande vari\u00e9t\u00e9 d\u2019\u00e9quipements de jeux et de loisirs. Qu\u2019il s\u2019agisse alors de plans d\u2019eau, centres aquatiques, man\u00e8ges, parcs animaliers, lieux d\u2019attraction divers, parcours sportifs, etc. la r\u00e9glementation s\u2019applique. ALPAGES accompagne les \u00e9tats et collectivit\u00e9s territoriales dans la gestion des risques par le contr\u00f4le technique et les recettes avant mise en service. De m\u00eame ALPAGES effectue les v\u00e9rifications p\u00e9riodiques permettant de maintenir un niveau de s\u00fbret\u00e9 conforme aux normes, r\u00e8gles de l\u2019OMS et autres r\u00e9glementations.<\/p><\/p>\n","protected":false},"excerpt":{"rendered":"<p>Le Groupe Alpages vous accompagne dans la r\u00e9alisation d&rsquo;Infrastructures de jeux et loisirs Les infrastructures sont le moteur du d\u00e9veloppement en Afrique comme ailleurs. Le groupe ALPAGES participe \u00e0 l\u2019\u00e9laboration de normes africaines et s\u00e9n\u00e9galaises au sein de groupes de travail internationaux comme l\u2019ARSO ou au sein de comit\u00e9s paritaires. Les missions relatives aux infrastructures<\/p>\n","protected":false},"author":1,"featured_media":932,"parent":0,"menu_order":0,"comment_status":"closed","ping_status":"closed","template":"","meta":{"footnotes":""},"class_list":["post-931","page","type-page","status-publish","has-post-thumbnail","hentry"],"_links":{"self":[{"href":"https:\/\/groupe-alpages.com\/wps\/wp-json\/wp\/v2\/pages\/931","targetHints":{"allow":["GET"]}}],"collection":[{"href":"https:\/\/groupe-alpages.com\/wps\/wp-json\/wp\/v2\/pages"}],"about":[{"href":"https:\/\/groupe-alpages.com\/wps\/wp-json\/wp\/v2\/types\/page"}],"author":[{"embeddable":true,"href":"https:\/\/groupe-alpages.com\/wps\/wp-json\/wp\/v2\/users\/1"}],"replies":[{"embeddable":true,"href":"https:\/\/groupe-alpages.com\/wps\/wp-json\/wp\/v2\/comments?post=931"}],"version-history":[{"count":4,"href":"https:\/\/groupe-alpages.com\/wps\/wp-json\/wp\/v2\/pages\/931\/revisions"}],"predecessor-version":[{"id":4221,"href":"https:\/\/groupe-alpages.com\/wps\/wp-json\/wp\/v2\/pages\/931\/revisions\/4221"}],"wp:featuredmedia":[{"embeddable":true,"href":"https:\/\/groupe-alpages.com\/wps\/wp-json\/"}],"wp:attachment":[{"href":"https:\/\/groupe-alpages.com\/wps\/wp-json\/wp\/v2\/media?parent=931"}],"curies":[{"name":"wp","href":"https:\/\/api.w.org\/{rel}","templated":true}]}}